{"id":2,"date":"2024-05-05T10:12:02","date_gmt":"2024-05-05T08:12:02","guid":{"rendered":"https:\/\/futosushi.testowestronydemo.pl\/?page_id=2"},"modified":"2025-02-04T09:58:37","modified_gmt":"2025-02-04T08:58:37","slug":"o-nas","status":"publish","type":"page","link":"https:\/\/futosushi.com.pl\/?page_id=2","title":{"rendered":"O Nas"},"content":{"rendered":"\t\t<div data-elementor-type=\"wp-page\" data-elementor-id=\"2\" class=\"elementor elementor-2\">\n\t\t\t\t\t\t<section class=\"elementor-section elementor-top-section elementor-element elementor-element-aa205ad elementor-section-full_width elementor-section-stretched elementor-section-height-default elementor-section-height-default\" data-id=\"aa205ad\" data-element_type=\"section\" data-settings=\"{&quot;stretch_section&quot;:&quot;section-stretched&quot;}\">\n\t\t\t\t\t\t<div class=\"elementor-container elementor-column-gap-no\">\n\t\t\t\t\t<div class=\"elementor-column elementor-col-100 elementor-top-column elementor-element elementor-element-9ad0cfc\" data-id=\"9ad0cfc\" data-element_type=\"column\">\n\t\t\t<div class=\"elementor-widget-wrap elementor-element-populated\">\n\t\t\t\t\t\t<div class=\"elementor-element elementor-element-3d5bf81 animated-slow elementor-widget elementor-widget-sushifushi_home_image_box\" data-id=\"3d5bf81\" data-element_type=\"widget\" data-settings=\"{&quot;_animation&quot;:&quot;none&quot;}\" data-widget_type=\"sushifushi_home_image_box.default\">\n\t\t\t\t<div class=\"elementor-widget-container\">\n\t\t\t\t\t<div class=\"home-image-box \">\r\n\t\t\r\n\t\t\t<div class=\"row col-xxl align-items-center row-reverse\">\r\n\t\t\t\t<div class=\"col-xl-7\">\r\n\t\t\t\t  <div class=\"mad-offset-left\">\r\n\t\t\t\t\t\r\n\t\t\t\t\t<div class=\"mad-section-side-title top-space rotate\">Kim jeste\u015bmy?<\/div>\t\t\t\t\t\r\n\t\t\t\t\t<h2>\u0141\u0105czymy naj\u015bwie\u017cszy <br> smak i kuchni\u0119 japo\u0144sk\u0105.<\/h2>\t\t\t\t   \r\n\t\t\t\t\t\t\t\t\t\t\t<div class=\"sushifushi-description\">\r\n\t\t\t\t\t\t\tRestauracja FUTO SUSHI znajduje si\u0119 przy ulicy Warszawskiej 72 w Bia\u0142ej Podlaskiej. Zosta\u0142a stworzona z my\u015bl\u0105 o mi\u0142o\u015bnikach kultury japo\u0144skiej oraz os\u00f3b, kt\u00f3re jeszcze nie mia\u0142y przyjemno\u015bci skosztowania tej kuchni. \t\t\t\t\t\t<\/div>\r\n\t\t\t\t\t  \r\n\t\t\t\t\t  \r\n\t\t\t\t\t  \r\n\t\t\t\t\t\t\t\t\t\t\r\n\t\t\t\t\t\r\n\t\t\t\t  <\/div>\r\n\t\t\t\t<\/div>\r\n\t\t\t\t<div class=\"col-xl-5\">\r\n\t\t\t\t  <figure>\r\n\t\t\t\t    \t\t\t\t\t<span class=\"bg_image_shape\"><img decoding=\"async\" src=\"https:\/\/velikorodnov.com\/wordpress\/sushifushi\/wp-content\/uploads\/2021\/02\/shape1-1.png\" title=\"shape\" alt=\"img\"><\/span>\r\n\t\t\t\t    \t\t\t\t  \r\n\t\t\t\t  <img decoding=\"async\" src=\"https:\/\/futosushi.com.pl\/wp-content\/uploads\/2021\/02\/img-right-1.jpg\" title=\"img-right\" alt=\"img-right\" loading=\"lazy\" \/>\t\t\t\t  <\/figure>\r\n\t\t\t\t<\/div>\r\n\t\t\t<\/div>\r\n\r\n\t\t<\/div>\r\n\t\t\t\t<\/div>\n\t\t\t\t<\/div>\n\t\t\t\t\t<\/div>\n\t\t<\/div>\n\t\t\t\t\t<\/div>\n\t\t<\/section>\n\t\t\t\t<section class=\"elementor-section elementor-top-section elementor-element elementor-element-4227202 elementor-section-full_width elementor-section-stretched elementor-section-height-default elementor-section-height-default\" data-id=\"4227202\" data-element_type=\"section\" data-settings=\"{&quot;stretch_section&quot;:&quot;section-stretched&quot;}\">\n\t\t\t\t\t\t<div class=\"elementor-container elementor-column-gap-no\">\n\t\t\t\t\t<div class=\"elementor-column elementor-col-100 elementor-top-column elementor-element elementor-element-3e57b22\" data-id=\"3e57b22\" data-element_type=\"column\">\n\t\t\t<div class=\"elementor-widget-wrap elementor-element-populated\">\n\t\t\t\t\t\t<div class=\"elementor-element elementor-element-e487ce5 elementor-widget elementor-widget-google_maps\" data-id=\"e487ce5\" data-element_type=\"widget\" data-widget_type=\"google_maps.default\">\n\t\t\t\t<div class=\"elementor-widget-container\">\n\t\t\t<style>\/*! elementor - v3.21.0 - 30-04-2024 *\/\n.elementor-widget-google_maps .elementor-widget-container{overflow:hidden}.elementor-widget-google_maps .elementor-custom-embed{line-height:0}.elementor-widget-google_maps iframe{height:300px}<\/style>\t\t<div class=\"elementor-custom-embed\">\n\t\t\t<iframe loading=\"lazy\"\n\t\t\t\t\tsrc=\"https:\/\/maps.google.com\/maps?q=21-500%20biala%20podlaska%20ul.%20Batorego%2014&#038;t=m&#038;z=13&#038;output=embed&#038;iwloc=near\"\n\t\t\t\t\ttitle=\"21-500 biala podlaska ul. Batorego 14\"\n\t\t\t\t\taria-label=\"21-500 biala podlaska ul. Batorego 14\"\n\t\t\t><\/iframe>\n\t\t<\/div>\n\t\t\t\t<\/div>\n\t\t\t\t<\/div>\n\t\t\t\t\t<\/div>\n\t\t<\/div>\n\t\t\t\t\t<\/div>\n\t\t<\/section>\n\t\t\t\t<section class=\"elementor-section elementor-top-section elementor-element elementor-element-2c72d77 elementor-section-full_width elementor-section-stretched elementor-section-height-default elementor-section-height-default\" data-id=\"2c72d77\" data-element_type=\"section\" data-settings=\"{&quot;stretch_section&quot;:&quot;section-stretched&quot;}\">\n\t\t\t\t\t\t<div class=\"elementor-container elementor-column-gap-no\">\n\t\t\t\t\t<div class=\"elementor-column elementor-col-100 elementor-top-column elementor-element elementor-element-9b54fa2\" data-id=\"9b54fa2\" data-element_type=\"column\">\n\t\t\t<div class=\"elementor-widget-wrap elementor-element-populated\">\n\t\t\t\t\t\t<div class=\"elementor-element elementor-element-aa4823e animated-slow elementor-widget elementor-widget-sushifushi_home_image_box\" data-id=\"aa4823e\" data-element_type=\"widget\" data-settings=\"{&quot;_animation&quot;:&quot;none&quot;}\" data-widget_type=\"sushifushi_home_image_box.default\">\n\t\t\t\t<div class=\"elementor-widget-container\">\n\t\t\t\t\t<div class=\"home-image-box \">\r\n\t\t\r\n\t\t\t<div class=\"row col-xxl align-items-center row-reverse\">\r\n\t\t\t\t<div class=\"col-xl-7\">\r\n\t\t\t\t  <div class=\"mad-offset-left\">\r\n\t\t\t\t\t\r\n\t\t\t\t\t\t\t\t\t\t\r\n\t\t\t\t\t\t\t\t\t   \r\n\t\t\t\t\t\t\t\t\t\t\t<div class=\"sushifushi-description\">\r\n\t\t\t\t\t\t\tLokalizacja\nRestauracja FUTO SUSHI znajduje si\u0119 przy ulicy Warszawskiej 72 w Bia\u0142ej Podlaskiej. Zosta\u0142a stworzona z my\u015bl\u0105 o mi\u0142o\u015bnikach kultury japo\u0144skiej oraz os\u00f3b, kt\u00f3re jeszcze nie mia\u0142y przyjemno\u015bci skosztowania tej kuchni.\n<br><br>\nSushi Masterzy\nMamy wykwalifikowanych sushi master\u00f3w, kt\u00f3rzy swoj\u0105 wiedz\u0119 i praktyk\u0119 zdobywali podczas wieloletniej pracy w warszawskich restauracjach sushi.\n<br><br>\nNasza Misja\nNaszym celem jest przygotowanie najwy\u017cszej jako\u015bci produkt\u00f3w. Dbamy o ka\u017cdy szczeg\u00f3\u0142 \u2013 od doboru sk\u0142adnik\u00f3w, dzi\u0119ki czemu nasze sushi przygotowywane jest ze \u015bwie\u017cych ryb oraz owoc\u00f3w morza. Dania przyrz\u0105dzamy na bie\u017c\u0105co, w momencie z\u0142o\u017cenia zam\u00f3wienia, i podajemy w mo\u017cliwie najkr\u00f3tszym czasie.\n<br><br>\nOTWARTY BAR\nDla naszych wspania\u0142ych go\u015bci stworzyli\u015bmy na sali OTWARTY BAR, przy kt\u00f3rym mog\u0105 Pa\u0144stwo obserwowa\u0107 prac\u0119 sushi master\u00f3w.\n<br><br>\nPromocyjne Zestawy\nDodatkowo przygotowali\u015bmy promocyjne zestawy dnia oraz zestawy weekendowe w bardzo korzystnych cenach, aby\u015bcie mogli spr\u00f3bowa\u0107 ka\u017cdej rolki z naszego menu.\n<br><br>\nAtmosfera i Oferta\nZale\u017cy nam, aby nasi go\u015bcie czuli si\u0119 wyj\u0105tkowo. Stworzyli\u015bmy miejsce o niepowtarzalnym klimacie i mi\u0142ej atmosferze, idealne do wsp\u00f3lnego spo\u017cywania pysznego sushi \u2013 niezale\u017cnie od tego, czy planujecie spotkanie z przyjaci\u00f3\u0142mi, rodzinny obiad, randk\u0119, czy spotkanie biznesowe.\n<br><br>\nDostawa\nRealizujemy tak\u017ce bezp\u0142atne dostawy na terenie Bia\u0142ej Podlaskiej.\n<br><br>\nZapraszamy\nZach\u0119camy do z\u0142o\u017cenia zam\u00f3wienia w FUTO SUSHI i \u017cyczymy niezapomnianych dozna\u0144 kulinarnych w kuchni japo\u0144skiej.\t\t\t\t\t\t<\/div>\r\n\t\t\t\t\t  \r\n\t\t\t\t\t  \r\n\t\t\t\t\t  \r\n\t\t\t\t\t\t\t\t\t\t\r\n\t\t\t\t\t\r\n\t\t\t\t  <\/div>\r\n\t\t\t\t<\/div>\r\n\t\t\t\t<div class=\"col-xl-5\">\r\n\t\t\t\t  <figure>\r\n\t\t\t\t    \t\t\t\t\t<span class=\"bg_image_shape\"><img decoding=\"async\" src=\"https:\/\/velikorodnov.com\/wordpress\/sushifushi\/wp-content\/uploads\/2021\/02\/shape1-1.png\" title=\"shape\" alt=\"img\"><\/span>\r\n\t\t\t\t    \t\t\t\t  \r\n\t\t\t\t  <img decoding=\"async\" src=\"https:\/\/futosushi.com.pl\/wp-content\/uploads\/revslider\/slider-2-1\/1600x1080_slide2.jpg\" title=\"1600x1080_slide2.jpg\" alt=\"1600x1080_slide2.jpg\" loading=\"lazy\" \/>\t\t\t\t  <\/figure>\r\n\t\t\t\t<\/div>\r\n\t\t\t<\/div>\r\n\r\n\t\t<\/div>\r\n\t\t\t\t<\/div>\n\t\t\t\t<\/div>\n\t\t\t\t\t<\/div>\n\t\t<\/div>\n\t\t\t\t\t<\/div>\n\t\t<\/section>\n\t\t\t\t<\/div>\n\t\t","protected":false},"excerpt":{"rendered":"<p>Kim jeste\u015bmy? \u0141\u0105czymy naj\u015bwie\u017cszy smak i kuchni\u0119 japo\u0144sk\u0105. Restauracja FUTO SUSHI znajduje si\u0119 przy ulicy Warszawskiej 72 w Bia\u0142ej Podlaskiej. Zosta\u0142a stworzona z my\u015bl\u0105 o mi\u0142o\u015bnikach kultury japo\u0144skiej oraz os\u00f3b, [&hellip;]<\/p>\n","protected":false},"author":1,"featured_media":0,"parent":0,"menu_order":0,"comment_status":"closed","ping_status":"closed","template":"","meta":{"_monsterinsights_skip_tracking":false,"_monsterinsights_sitenote_active":false,"_monsterinsights_sitenote_note":"","_monsterinsights_sitenote_category":0,"footnotes":""},"class_list":["post-2","page","type-page","status-publish","hentry"],"aioseo_notices":[],"_links":{"self":[{"href":"https:\/\/futosushi.com.pl\/index.php?rest_route=\/wp\/v2\/pages\/2","targetHints":{"allow":["GET"]}}],"collection":[{"href":"https:\/\/futosushi.com.pl\/index.php?rest_route=\/wp\/v2\/pages"}],"about":[{"href":"https:\/\/futosushi.com.pl\/index.php?rest_route=\/wp\/v2\/types\/page"}],"author":[{"embeddable":true,"href":"https:\/\/futosushi.com.pl\/index.php?rest_route=\/wp\/v2\/users\/1"}],"replies":[{"embeddable":true,"href":"https:\/\/futosushi.com.pl\/index.php?rest_route=%2Fwp%2Fv2%2Fcomments&post=2"}],"version-history":[{"count":13,"href":"https:\/\/futosushi.com.pl\/index.php?rest_route=\/wp\/v2\/pages\/2\/revisions"}],"predecessor-version":[{"id":5291,"href":"https:\/\/futosushi.com.pl\/index.php?rest_route=\/wp\/v2\/pages\/2\/revisions\/5291"}],"wp:attachment":[{"href":"https:\/\/futosushi.com.pl\/index.php?rest_route=%2Fwp%2Fv2%2Fmedia&parent=2"}],"curies":[{"name":"wp","href":"https:\/\/api.w.org\/{rel}","templated":true}]}}